what is -84312 - -8?
-84303
In base 11, what is -3271 + -238aa?
-27070
In base 5, what is 111022 + -24131?
31341
In base 4, what is -13001 + 11131233?
11112232
In base 7, what is -4136 - 110116?
-114255
In base 16, what is 4e6 - 10f4?
-c0e
In base 13, what is -23 + -380aa02?
-380aa25
In base 14, what is -67ab + -330?
-6adb
In base 10, what is 9834 + 131?
9965
In base 2, what is 101011111100 - -1111011010010010011?
1111011111110001111
In base 10, what is -1985585014 + -4?
-1985585018
In base 15, what is -8 - 4730a4?
-4730ac
In base 16, what is -102c4326 + 5?
-102c4321
In base 8, what is 22746 - 206407?
-163441
In base 14, what is -7bb + 15207?
1482a
In base 9, what is 1322713 + 1174?
1323887
In base 14, what is 1140ac - 4?
1140a8
In base 3, what is -210222110122220 - -22?
-210222110122121
In base 10, what is -1 - -304450?
304449
In base 2, what is 11 + 11100011110111001101100?
11100011110111001101111
In base 7, what is -5 - 1250510520?
-1250510525
In base 2, what is 10111 + -11000001100100111110111?
-11000001100100111100000
In base 11, what is 7983 - 786?
71a8
In base 3, what is -2211212212 - -21120?
-2211121022
In base 8, what is -52574 - -3111?
-47463
In base 12, what is 2276488 - 46?
2276442
In base 4, what is -220230323 - -1033?
-220223230
In base 8, what is -3 - -13262725?
13262722
In base 7, what is -2520 + 1061360?
1055540
In base 8, what is -5633226035 + -5?
-5633226042
In base 13, what is 3 - 2a9049b?
-2a90498
In base 9, what is 24404662 + -2?
24404660
In base 3, what is 2 - -1110211002022111?
1110211002022120
In base 10, what is -3416 - 16566?
-19982
In base 9, what is 283 + -26722?
-26428
In base 16, what is -100 - -a936?
a836
In base 8, what is -71 - -2300225?
2300134
In base 2, what is 1001010101000100 + -1101110?
1001010011010110
In base 15, what is -16a4668 + -2?
-16a466a
In base 5, what is 203323204 - -10?
203323214
In base 5, what is -22110021 + -3012?
-22113033
In base 11, what is 10490 - 7822?
3769
In base 5, what is 2 - -14001133?
14001140
In base 4, what is 0 - 1330212210320?
-1330212210320
In base 14, what is -21 - -2147bcb?
2147baa
In base 9, what is 4 - -30854878?
30854883
In base 12, what is -9560 + -95a9?
-16b49
In base 3, what is -22 - -11212110212112012?
11212110212111220
In base 7, what is 5625442 - -126?
5625601
In base 11, what is 1978010 + -8?
1978003
In base 16, what is 6f81f1d + -3?
6f81f1a
In base 16, what is 122c0 - 43?
1227d
In base 2, what is -1 + -1111000101000111101011010110?
-1111000101000111101011010111
In base 3, what is -22100 + 11101001100?
11100202000
In base 4, what is 1212 + 120220131130?
120220133002
In base 12, what is 1 + ab5a19?
ab5a1a
In base 13, what is -45 + 1a8412?
1a839a
In base 2, what is -110 - 10001111001011001010000?
-10001111001011001010110
In base 7, what is -31 + 35215113?
35215052
In base 11, what is 177055 - 92?
176a73
In base 3, what is -2 + 11111110010000110?
11111110010000101
In base 3, what is -101102 + 21002?
-10100
In base 7, what is 6213 - -2102?
11315
In base 16, what is 817 + -c430?
-bc19
In base 5, what is -123104 - 2211?
-130320
In base 11, what is -244 + 9620?
9387
In base 16, what is -694e53 - -2?
-694e51
In base 12, what is 1a04 - 231ba?
-213b6
In base 9, what is -336302 + -10?
-336312
In base 5, what is -12 - 34443221?
-34443233
In base 13, what is 0 - 276527?
-276527
In base 4, what is -120201 - -111321101?
111200300
In base 12, what is -2 + -67b7757?
-67b7759
In base 8, what is -45331653 + -5?
-45331660
In base 3, what is -120122022202 - 12001001?
-120211100210
In base 15, what is 3 + cdd9dac?
cdd9db0
In base 4, what is 2 - 32131210201221?
-32131210201213
In base 10, what is 11 + 2958073?
2958084
In base 5, what is 130 - 1044132022?
-1044131342
In base 2, what is -1111111111 + 111001001111?
101001010000
In base 7, what is 1205114 + 1411?
1206525
In base 14, what is -15a42 + 3b4?
-1566c
In base 4, what is 310033022121 - 2?
310033022113
In base 13, what is 740731b7 + -4?
740731b3
In base 4, what is 212020222113 + -10?
212020222103
In base 12, what is 54774 + 840?
553b4
In base 12, what is 21 - 438314?
-4382b3
In base 13, what is -4089 - -386?
-3a03
In base 11, what is 19928 + 158?
19a85
In base 8, what is 213376372 - 2?
213376370
In base 11, what is -2 - 344718?
-34471a
In base 5, what is -4444 + -2043203?
-2103202
In base 6, what is 11154411 + 304?
11155115
In base 10, what is 7 + 5331232?
5331239
In base 4, what is 30 + -101211213?
-101211123
In base 13, what is 44571 + 39?
445aa
In base 10, what is 28698688 - 3?
28698685
In base 10, what is -1861 - 3280?
-5141
In base 3, what is -1100 + -111200001102?
-111200002202
In base 5, what is 1140014333410 - 2?
1140014333403
In base 10, what is -212 - 860380?
-860592
In base 11, what is 541a4268 - -1?
541a4269
In base 5, what is 2013420110 - -10?
2013420120
In base 8, what is -113 - -550371?
550256
In base 15, what is 51ead1 + 4?
51ead5
In base 8, what is 2321606 - -1040?
2322646
In base 6, what is 3 + -45501143230?
-45501143223
In base 10, what is 1445150 - -8?
1445158
In base 15, what is 9ac69 + -d?
9ac5b
In base 6, what is -1132 - 114411002?
-114412134
In base 5, what is 132220 - -10100?
142320
In base 15, what is 21aa4 + db?
21b90
In base 14, what is -2 + 103670b?
1036709
In base 6, what is -4051 - -151204?
143113
In base 11, what is 1426919 + 4?
1426922
In base 5, what is -112 - 32014240?
-32014402
In base 16, what is cae958 - 1?
cae957
In base 10, what is 1044 + -901?
143
In base 5, what is 24 - 44404101241?
-44404101212
In base 3, what is -1112 + 100212200021?
100212121202
In base 3, what is 1022 - -200220220102?
200220221201
In base 12, what is 23 - 2b5459?
-2b5436
In base 4, what is 113102 - -11020023?
11133131
In base 9, what is -328808 - -1716?
-327082
In base 16, what is -6bb6 - 5c0d?
-c7c3
In base 4, what is -2122 + -10321320300?
-10321323022
In base 13, what is -1484030 - -1?
-148402c
In base 9, what is -13012875 - 12?
-13012887
In base 13, what is 309c - -a1b?
3aba
In base 6, what is 21 + -2250544104?
-2250544043
In base 10, what is -366 - 16372?
-16738
In base 11, what is 1 + -10340878?
-10340877
In base 4, what is 2210302121002 + 0?
2210302121002
In base 6, what is -3 - 2040404100?
-2040404103
In base 9, what is -26431 + -2888?
-30430
In base 12, what is -2b + 2246907?
2246898
In base 9, what is -341 + 123066?
122625
In base 13, what is 5 + ac6221?
ac6226
In base 4, what is -20 + 3332101?
3332021
In base 14, what is a647a9 - 1?
a647a8
In base 14, what is -a6a + 1d429?
1c79d
In base 15, what is 1b2a4 - 53b?
1ac68
In base 9, what is 34 - -1326017?
1326052
In base 13, what is 87 - -798555?
79860c
In base 12, what is 3339 + -1561?
1998
In base 13, what is -193 - -621c8?
62035
In base 13, what is 1a9 + 12402c?
124208
In base 8, what is 24637 + -20100?
4537
In base 3, what is 1020010012 + -202002?
1012101010
In base 11, what is -18008a - -148?
-17aa42
In base 15, what is 3 - 23332c6?
-23332c3
In base 12, what is -62a71 - -14?
-62a59
In base 11, what is a4432 - 266?
a4177
In base 8, what is 13653 - 54004?
-40131
In base 7, what is -3 - -2214655614?
2214655611
In base 3, what is 1211220112220 + 221?
1211220120211
In base 16, what is -2f4a - -1c77?
-12d3
In base 3, what is -1011220011110001021 + 11?
-1011220011110001010
In base 16, what is -2eb - 59a9?
-5c94
In base 7, what is 32 - 114412?
-114350
In base 5, what is 132403123 + -3211?
132344412
In base 6, what is -10 - 3013315141?
-3013315151
In base 14, what is 3 - 1778bd?
-1778ba
In base 3, what is -12201201021 - -110100?
-12201020221
In base 10, what is -2434104 - 32?
-2434136
In base 8, what is -3162 + -4020?
-7202
In base 6, what is 114333 - -13033?
131410
In base 3, what is 22101212212 - 112201?
22101100011
In base 4, what is 122110323231 - 20?
122110323211
In base 4, what is 11 - 11213321202?
-11213321131
In base 6, what is 1541025 - 13?
1541012
In base 14, what is 5a8855 + 13?
5a8868
In base 14, what is 23 + -40889?
-40866
In base 16, what is e1 - 459ab?
-458ca
In base 3, what is -12 + 22101111222221011?
22101111222220222
In base 7, what is 11240650 + -1046?
11236601
In base 11, what is -117 - 263a2?
-26509
In base 11, what is 6 - -40966533?
40966539
In base 13, what is -9b172 + -54?
-9b1c6
In base 11, what is 235526 - -11?
235537
In base 2, what is 